18 and q.
18
Let z(m) = -m**2 - 10*m - 3. Let i be z(-8). Calculate the highest common divisor of 13 and i.
13
Let b be 5/(30/(-147))*4. Let y be 6/15 - b/5. What is the greatest common factor of 30 and y?
10
Let l = -11 + 6. Let h = 3 + l. Let x = 6 - h. What is the greatest common divisor of x and 16?
8
Suppose 0 = -2*b + r + 4, 0 = 4*b - 4*r - 0*r. Suppose -9 + 1 = -b*u. Suppose -u = 2*s - 32. Calculate the greatest common divisor of s and 30.
15
Let v = 12 - 15. Let f(s) = -14*s + 3. Let d(o) = -43*o + 9. Let l(p) = 6*d(p) - 17*f(p). Let b be l(v). What is the greatest common divisor of b and 21?
21
Let l be 150/4 - 2/4. Let g = -29 + 44. Let c = l - g. What is the highest common divisor of 11 and c?
11
Suppose -928 = 3*c - 7*c. Suppose w = u + 24, -5*w + 5*u = -w - 91. Calculate the highest common divisor of c and w.
29
Let w(r) = 2*r**2 + 3*r - 9. Let j be w(3). What is the highest common factor of 81 and j?
9
Let z be (-4)/(-6) - (-4606)/21. Suppose 5*y - 3*y - z = 0. Let t(i) = 11*i**2 + i. Let q be t(-1). What is the greatest common factor of y and q?
10
Let a(v) = -v + 64. Let h be a(0). Let b = h + -30. Let t = -16 + b. Calculate the highest common factor of 144 and t.
18
Suppose -3*r + 2*r + 13 = 0. Let o be (2 - (-1 + 3))/2. Suppose -m + r + 0 = o. What is the highest common divisor of m and 143?
13
Let q(x) = 4*x + 1. Let r(t) = 4*t + 1. Let a(y) = 6*q(y) - 7*r(y). Let b be a(-6). Suppose -w + 306 - 99 = 0. What is the highest common divisor of b and w?
23
Let n(h) = 51*h + 1. Let p be n(1). Let q be 52/(-6)*(-9)/6. Calculate the greatest common factor of p and q.
13
Suppose 5*v - 31 = -o, 0 = 3*o + o - 5*v + 1. Let b be 4 - (2*-1 - -4). Let s be b + (6/(-3))/2. What is the greatest common factor of s and o?
1
Let c be (-4)/8*-2*3. Suppose -c*k + 197 = -0*k + 5*u, 3 = 3*u. Calculate the greatest common divisor of 8 and k.
8
Let y(c) = -c + 5. Let b be y(4). Suppose 0 = 6*h - 65 + 23. Calculate the greatest common divisor of h and b.
1
Let x(k) = -9*k - 3. Let d be x(8). Let u = -15 - d. What is the greatest common factor of u and 20?
20
Suppose 6*b - 88 = 2*b. Suppose 0*f = 4*f + 5*o - 704, 528 = 3*f - o. Calculate the highest common divisor of b and f.
22
Let g be (-36)/27 + (-460)/(-12). What is the highest common factor of 37 and g?
37
Let s(g) = -24*g. Let k be s(-1). Suppose -3*h + 108 = -k. Let o = -29 + h. Calculate the highest common divisor of 120 and o.
15
Suppose -5*f = 4*r - 64, 0 = -5*r + 7*f - 3*f + 121. Suppose 23*w - 105 = 8*w. What is the highest common divisor of r and w?
7
Let k = 81 + -12. What is the greatest common factor of 46 and k?
23
Suppose 8*b + 168 = 872. What is the greatest common factor of b and 33?
11
Suppose 0 = 5*j + 3*b - 89, 0 = -2*b + 1 + 5. Suppose -4*d + d = -9. Suppose d*n = -4*t + 76, -t + 2*t - 3*n = 4. What is the highest common factor of j and t?
16
Let h = -205 + 303. Calculate the greatest common divisor of h and 42.
14
Let s = -29 + 88. Let k = s - -7. Suppose -2*o - 12 = -4*o. Calculate the greatest common factor of o and k.
6
Let z = -14 - -29. Let p be (6 + -1 + 0)*1. What is the greatest common factor of p and z?
5
Let y = 16 - 10. Let m(l) = l**2 - 4*l + 11. Let u be m(y). What is the greatest common divisor of u and 207?
23
Let w = 25 + -11. Calculate the greatest common divisor of 7 and w.
7
Suppose -v + 35 - 12 = 4*p, 3*p = -4*v + 27. Calculate the greatest common factor of 1 and v.
1
Suppose 7*q = 4*q + 108. Calculate the greatest common divisor of q and 24.
12
Suppose 5*q + 0*f - 72 = 4*f, 2*f = 4*q - 54. Let x be (-3)/q + 1205/20. Calculate the highest common factor of x and 15.
15
Suppose 0 = 2*t - t - 1. Suppose 0*q + t = q. What is the highest common factor of q and 8?
1
Let g = -8 + 12. Let h be (3/(-2))/((-3)/4). Let l(z) = 5*z**2 - z - 2. Let j be l(h). What is the greatest common divisor of j and g?
4
Let g be 0/((-2)/((-2)/1)). Let n be 57 + -9 - (g - 0). What is the greatest common divisor of n and 16?
16
Suppose -2*o + 26 = -4*x - 30, 3*o - 89 = x. Let q(n) = 2*n**3 - 21*n - 6. Let r be q(6). Calculate the highest common divisor of r and o.
30
Let y = 73 + -8. What is the highest common factor of 26 and y?
13
Let d be (1 - (-3 + 2)) + 7. Suppose 3 = 2*g - 3. Suppose -g*m - 5*l = -7*m + 56, 4*l = m - 25. Calculate the greatest common divisor of d and m.
9
Suppose 0 = -b + 3*b - 8. Suppose -3*o = -4*z + 136, 0 = b*z - 0*z - 2*o - 132. Calculate the highest common divisor of 31 and z.
31
Let g be (-320)/(-24) + 3/(-9). Calculate the highest common factor of 52 and g.
13
Suppose 2*w = h - 2, -3*h - 2*w = -3*w - 16. Suppose 4*z - 10*z + h = 0. Let k = -3 + 4. Calculate the greatest common factor of k and z.
1
Let q(f) = 4*f + 25. Let o be q(13). Calculate the highest common factor of 11 and o.
11
Let v(m) = m**3 + 7*m**2 - 3*m. Let a be v(-6). Let p = -26 + a. What is the greatest common factor of 252 and p?
28
Suppose 0*j = -j + 20. Let i = j - -9. Let f = -3 + i. Calculate the highest common divisor of f and 39.
13
Suppose -2*u + 4 + 14 = 0. Suppose 5*f - 88 = 272. Calculate the highest common divisor of f and u.
9
Let t = 31 + -24. Calculate the highest common divisor of t and 1.
1
Let q = -137 + 247. What is the highest common factor of q and 10?
10
Let h(u) = 10*u - 7. Let n(m) = -91*m + 63. Let r(a) = -28*h(a) - 3*n(a). Let v be r(-3). Calculate the greatest common factor of 70 and v.
14
Suppose 0 = -2*u - 5*z + 95, -u - z - 44 = -2*u. Suppose u = 4*x - 115. What is the highest common divisor of 100 and x?
20
Let h be (-68)/(-16) + 2/(-8). Suppose i + 96 = h*i. What is the greatest common factor of 48 and i?
16
Let c(f) = -f**2 - 21*f - 6. Let r be c(-19). What is the highest common factor of 4 and r?
4
Suppose -f + 4*d = -34, -4*f + 141 = -5*d + 16. What is the highest common divisor of f and 10?
10
Let o = 13 - -26. Calculate the greatest common factor of 65 and o.
13
Suppose 5 = l - 0*o - 2*o, -3*l + 2*o = -7. Suppose l = i - 13. Calculate the greatest common divisor of 7 and i.
7
Suppose -3*f + 5 = t, 3*f + 3 + 12 = 3*t. Calculate the highest common divisor of 10 and t.
5
Suppose -13 = -0*s - s. Suppose 16 = 5*g + 1. Suppose g*v - 4*v = -13. What is the highest common divisor of s and v?
13
Suppose 0 = g + 3, 0*g + 13 = 2*b - 3*g. Suppose 2*f + b - 6 = 0. What is the greatest common factor of f and 18?
2
Let i = 12 + 69. Calculate the greatest common factor of 9 and i.
9
Suppose 3*a = -v + 32, 3*a - 56 + 18 = -4*v. Let h = 6 - 4. What is the greatest common factor of h and a?
2
Let v(z) = -5*z**3. Let u be v(-1). Suppose 0 = 2*t - 2*s - 42, u*t + 3*s - 111 = 2*s. What is the greatest common factor of 66 and t?
22
Let v = 287 + -164. Let t = 218 - v. Calculate the highest common divisor of 19 and t.
19
Suppose -4*n = i - 69, 0*n = -n - i + 18. Let q(f) = f**3 - 4*f + 2. Let d be q(3). Calculate the greatest common factor of n and d.
17
Let f(p) = p**3 + 4*p**2 - 3*p - 5. Let c be f(-4). What is the highest common divisor of 1 and c?
1
Let x be (-625)/(-40) + 6/16. Suppose 2*t - 244 = -3*s, -4*s + 254 - 14 = 2*t. What is the highest common factor of t and x?
16
Suppose -s = s + 28. Let h be (-4)/4 - (s - 3). What is the highest common factor of 4 and h?
4
Let y be 2/10 + 49/5. Suppose 0*q = 2*q - y. Suppose 2*f - q = 7. Calculate the highest common factor of 48 and f.
6
Suppose s = 2*j + 23, 3*s - 125 + 45 = -5*j. Suppose 0 = a + 3 - 203. Calculate the highest common factor of s and a.
25
Let g = -38 + 59. Suppose g = r - 6. What is the greatest common divisor of r and 3?
3
Let p be 27/(-9) + (-13)/(-1). What is the highest common factor of 230 and p?
10
Suppose -4*a - 2*c = -42, c = 5*a + 3*c - 51. What is the highest common factor of a and 99?
9
Let f = -6 + 22. Let w = f + 64. Suppose 7*v - 2*v - w = 0. What is the greatest common factor of 40 and v?
8
Suppose 3 = 3*q - 4*k + 190, 0 = -4*q - 3*k - 216. Let u = -22 - q. Suppose -4*t + 14 + 14 = 0. What is the highest common factor of t and u?
7
Let q(x) = 7*x**2 + 2*x - 1. Let y be q(-3). What is the highest common factor of 28 and y?
28
Suppose -5 - 3 = -2*i. Let s be 47/(-2)*(-4)/1. Let m = -50 + s. What is the highest common divisor of i and m?
4
Let d(a) = -a - 8. Suppose 6*o - 2 = k + 5*o, 4*k - o